{"id":32157,"date":"2012-08-01T14:34:13","date_gmt":"2012-08-01T19:34:13","guid":{"rendered":"https:\/\/devcofi.wpenginepowered.com\/?post_type=project&#038;p=32157"},"modified":"2024-11-06T11:00:18","modified_gmt":"2024-11-06T17:00:18","slug":"why-isnt-johnny-in-preschool","status":"publish","type":"project","link":"https:\/\/cofionline.org\/es\/publications\/why-isnt-johnny-in-preschool\/","title":{"rendered":"\u00bfPor qu\u00e9 no est\u00e1 Johnny en preescolar?"},"content":{"rendered":"<p>[et_pb_section fb_built=&#8221;1&#8243; _builder_version=&#8221;4.16&#8243; global_colors_info=&#8221;{}&#8221;][et_pb_row _builder_version=&#8221;4.16&#8243; background_size=&#8221;initial&#8221; background_position=&#8221;top_left&#8221; background_repeat=&#8221;repeat&#8221; global_colors_info=&#8221;{}&#8221;][et_pb_column type=&#8221;4_4&#8243; _builder_version=&#8221;4.16&#8243; custom_padding=&#8221;|||&#8221; global_colors_info=&#8221;{}&#8221; custom_padding__hover=&#8221;|||&#8221;][et_pb_text _builder_version=&#8221;4.27.0&#8243; background_size=&#8221;initial&#8221; background_position=&#8221;top_left&#8221; background_repeat=&#8221;repeat&#8221; hover_enabled=&#8221;0&#8243; global_colors_info=&#8221;{}&#8221; sticky_enabled=&#8221;0&#8243;]<\/p>\n<p>In 2006-2008, low-income African American and Latina mothers and grandmothers, members of the citywide organizing group POWER-PAC (Parents Organized to Win, Educate and Renew \u2013 Policy Action Council), went door-to-door in 19 low- and moderate-income communities and interviewed over 5,000 parents and caregivers to find out why participation in early childhood education programs is so low.<\/p>\n<p>In their research they found 40 to 64 percent of preschool-aged children were not enrolled in preschool or Head Start. Even though Illinois is a nationwide leader in creating high quality early education programs and guaranteeing access for low-income children, alarming numbers of eligible children in Chicago are not enrolled in preschool. \u201cWhy isn\u2019t Johnny in Preschool?\u201d,\u00a0a report produced by POWER-PAC, sheds light on the question of why so many preschool-eligible children are not enrolled and presents recommendations for policy and practice changes to address these barriers.<\/p>\n<p>[\/et_pb_text][et_pb_button _builder_version=&#8221;4.27.0&#8243; _module_preset=&#8221;default&#8221; button_text=&#8221;Download %22Why Isn&#8217;t Johnny in Preschool?%22&#8243; hover_enabled=&#8221;0&#8243; sticky_enabled=&#8221;0&#8243; button_url=&#8221;\/wp-content\/uploads\/2022\/11\/cofi_PreschoolReport_web2.pdf&#8221;][\/et_pb_button][\/et_pb_column][\/et_pb_row][\/et_pb_section]<\/p>\n","protected":false},"excerpt":{"rendered":"<p>Informe innovador sobre por qu\u00e9 la participaci\u00f3n en la educaci\u00f3n preescolar es baja y qu\u00e9 se puede hacer al respecto.<\/p>","protected":false},"author":14,"featured_media":2507,"comment_status":"open","ping_status":"closed","template":"","meta":{"_acf_changed":false,"_et_pb_use_builder":"on","_et_pb_old_content":"<p>In 2006-2008, low-income African American and Latina mothers and grandmothers, members of the citywide organizing group POWER-PAC (Parents Organized to Win, Educate and Renew \u2013 Policy Action Council), went door-to-door in 19 low- and moderate-income communities and interviewed over 5,000 parents and caregivers to find out why participation in early childhood education programs is so low.<\/p><p>In their research they found 40 to 64 percent of preschool-aged children were not enrolled in preschool or Head Start. Even though Illinois is a nationwide leader in creating high quality early education programs and guaranteeing access for low-income children, alarming numbers of eligible children in Chicago are not enrolled in preschool. \u201cWhy isn\u2019t Johnny in Preschool?\u201d,\u00a0a report produced by POWER-PAC, sheds light on the question of why so many preschool-eligible children are not enrolled and presents recommendations for policy and practice changes to address these barriers.<\/p><p><a href=\"\/wp-content\/uploads\/2022\/11\/cofi_PreschoolReport_web2.pdf\" target=\"_blank\" rel=\"noopener\">Download PDF<\/a><\/p>","_et_gb_content_width":"","footnotes":""},"project_category":[],"project_tag":[],"class_list":["post-32157","project","type-project","status-publish","has-post-thumbnail","hentry"],"acf":[],"yoast_head":"<!-- This site is optimized with the Yoast SEO plugin v27.4 - https:\/\/yoast.com\/product\/yoast-seo-wordpress\/ -->\n<title>Why Isn&#039;t Johnny in Preschool? | COFI<\/title>\n<meta name=\"robots\" content=\"index, follow, max-snippet:-1, max-image-preview:large, max-video-preview:-1\" \/>\n<link rel=\"canonical\" href=\"https:\/\/cofionline.org\/es\/publications\/why-isnt-johnny-in-preschool\/\" \/>\n<meta property=\"og:locale\" content=\"es_MX\" \/>\n<meta property=\"og:type\" content=\"article\" \/>\n<meta property=\"og:title\" content=\"Why Isn&#039;t Johnny in Preschool? | COFI\" \/>\n<meta property=\"og:description\" content=\"Groundbreaking report on why participation in preschool is low and what can be done.\" \/>\n<meta property=\"og:url\" content=\"https:\/\/cofionline.org\/es\/publications\/why-isnt-johnny-in-preschool\/\" \/>\n<meta property=\"og:site_name\" content=\"COFI\" \/>\n<meta property=\"article:modified_time\" content=\"2024-11-06T17:00:18+00:00\" \/>\n<meta property=\"og:image\" content=\"https:\/\/cofionline.org\/wp-content\/uploads\/2022\/11\/WhyIsntJohnny.webp\" \/>\n\t<meta property=\"og:image:width\" content=\"750\" \/>\n\t<meta property=\"og:image:height\" content=\"972\" \/>\n\t<meta property=\"og:image:type\" content=\"image\/webp\" \/>\n<meta name=\"twitter:card\" content=\"summary_large_image\" \/>\n<meta name=\"twitter:label1\" content=\"Tiempo de lectura\" \/>\n\t<meta name=\"twitter:data1\" content=\"1 minuto\" \/>\n<script type=\"application\/ld+json\" class=\"yoast-schema-graph\">{\"@context\":\"https:\\\/\\\/schema.org\",\"@graph\":[{\"@type\":\"WebPage\",\"@id\":\"https:\\\/\\\/cofionline.org\\\/publications\\\/why-isnt-johnny-in-preschool\\\/\",\"url\":\"https:\\\/\\\/cofionline.org\\\/publications\\\/why-isnt-johnny-in-preschool\\\/\",\"name\":\"Why Isn't Johnny in Preschool? | COFI\",\"isPartOf\":{\"@id\":\"https:\\\/\\\/cofionline.org\\\/#website\"},\"primaryImageOfPage\":{\"@id\":\"https:\\\/\\\/cofionline.org\\\/publications\\\/why-isnt-johnny-in-preschool\\\/#primaryimage\"},\"image\":{\"@id\":\"https:\\\/\\\/cofionline.org\\\/publications\\\/why-isnt-johnny-in-preschool\\\/#primaryimage\"},\"thumbnailUrl\":\"https:\\\/\\\/cofionline.org\\\/wp-content\\\/uploads\\\/2022\\\/11\\\/WhyIsntJohnny.webp\",\"datePublished\":\"2012-08-01T19:34:13+00:00\",\"dateModified\":\"2024-11-06T17:00:18+00:00\",\"breadcrumb\":{\"@id\":\"https:\\\/\\\/cofionline.org\\\/publications\\\/why-isnt-johnny-in-preschool\\\/#breadcrumb\"},\"inLanguage\":\"es\",\"potentialAction\":[{\"@type\":\"ReadAction\",\"target\":[\"https:\\\/\\\/cofionline.org\\\/publications\\\/why-isnt-johnny-in-preschool\\\/\"]}]},{\"@type\":\"ImageObject\",\"inLanguage\":\"es\",\"@id\":\"https:\\\/\\\/cofionline.org\\\/publications\\\/why-isnt-johnny-in-preschool\\\/#primaryimage\",\"url\":\"https:\\\/\\\/cofionline.org\\\/wp-content\\\/uploads\\\/2022\\\/11\\\/WhyIsntJohnny.webp\",\"contentUrl\":\"https:\\\/\\\/cofionline.org\\\/wp-content\\\/uploads\\\/2022\\\/11\\\/WhyIsntJohnny.webp\",\"width\":750,\"height\":972,\"caption\":\"A publication cover of a little boy with text that reads: \\\"Why Isn't Johnny in Preschool? A group of Chicago parents surveyed thousands of families in their communities to find the answers to this questions. Here is our report.\\\"\"},{\"@type\":\"BreadcrumbList\",\"@id\":\"https:\\\/\\\/cofionline.org\\\/publications\\\/why-isnt-johnny-in-preschool\\\/#breadcrumb\",\"itemListElement\":[{\"@type\":\"ListItem\",\"position\":1,\"name\":\"Home\",\"item\":\"https:\\\/\\\/cofionline.org\\\/\"},{\"@type\":\"ListItem\",\"position\":2,\"name\":\"Publications\",\"item\":\"https:\\\/\\\/cofionline.org\\\/es\\\/publications\\\/\"},{\"@type\":\"ListItem\",\"position\":3,\"name\":\"Why Isn&#8217;t Johnny in Preschool?\"}]},{\"@type\":\"WebSite\",\"@id\":\"https:\\\/\\\/cofionline.org\\\/#website\",\"url\":\"https:\\\/\\\/cofionline.org\\\/\",\"name\":\"COFI | Community Organizing and Family Issues\",\"description\":\"Community Organizing and Family Issues\",\"publisher\":{\"@id\":\"https:\\\/\\\/cofionline.org\\\/#organization\"},\"potentialAction\":[{\"@type\":\"SearchAction\",\"target\":{\"@type\":\"EntryPoint\",\"urlTemplate\":\"https:\\\/\\\/cofionline.org\\\/?s={search_term_string}\"},\"query-input\":{\"@type\":\"PropertyValueSpecification\",\"valueRequired\":true,\"valueName\":\"search_term_string\"}}],\"inLanguage\":\"es\"},{\"@type\":\"Organization\",\"@id\":\"https:\\\/\\\/cofionline.org\\\/#organization\",\"name\":\"COFI | Community Organizing and Family Issues\",\"url\":\"https:\\\/\\\/cofionline.org\\\/\",\"logo\":{\"@type\":\"ImageObject\",\"inLanguage\":\"es\",\"@id\":\"https:\\\/\\\/cofionline.org\\\/#\\\/schema\\\/logo\\\/image\\\/\",\"url\":\"https:\\\/\\\/cofionline.org\\\/wp-content\\\/uploads\\\/2022\\\/12\\\/logo-cofi.png\",\"contentUrl\":\"https:\\\/\\\/cofionline.org\\\/wp-content\\\/uploads\\\/2022\\\/12\\\/logo-cofi.png\",\"width\":518,\"height\":180,\"caption\":\"COFI | Community Organizing and Family Issues\"},\"image\":{\"@id\":\"https:\\\/\\\/cofionline.org\\\/#\\\/schema\\\/logo\\\/image\\\/\"}}]}<\/script>\n<!-- \/ Yoast SEO plugin. -->","yoast_head_json":{"title":"\u00bfPor qu\u00e9 no est\u00e1 Johnny en preescolar? | COFI","robots":{"index":"index","follow":"follow","max-snippet":"max-snippet:-1","max-image-preview":"max-image-preview:large","max-video-preview":"max-video-preview:-1"},"canonical":"https:\/\/cofionline.org\/es\/publications\/why-isnt-johnny-in-preschool\/","og_locale":"es_MX","og_type":"article","og_title":"Why Isn't Johnny in Preschool? | COFI","og_description":"Groundbreaking report on why participation in preschool is low and what can be done.","og_url":"https:\/\/cofionline.org\/es\/publications\/why-isnt-johnny-in-preschool\/","og_site_name":"COFI","article_modified_time":"2024-11-06T17:00:18+00:00","og_image":[{"width":750,"height":972,"url":"https:\/\/cofionline.org\/wp-content\/uploads\/2022\/11\/WhyIsntJohnny.webp","type":"image\/webp"}],"twitter_card":"summary_large_image","twitter_misc":{"Tiempo de lectura":"1 minuto"},"schema":{"@context":"https:\/\/schema.org","@graph":[{"@type":"WebPage","@id":"https:\/\/cofionline.org\/publications\/why-isnt-johnny-in-preschool\/","url":"https:\/\/cofionline.org\/publications\/why-isnt-johnny-in-preschool\/","name":"\u00bfPor qu\u00e9 no est\u00e1 Johnny en preescolar? | COFI","isPartOf":{"@id":"https:\/\/cofionline.org\/#website"},"primaryImageOfPage":{"@id":"https:\/\/cofionline.org\/publications\/why-isnt-johnny-in-preschool\/#primaryimage"},"image":{"@id":"https:\/\/cofionline.org\/publications\/why-isnt-johnny-in-preschool\/#primaryimage"},"thumbnailUrl":"https:\/\/cofionline.org\/wp-content\/uploads\/2022\/11\/WhyIsntJohnny.webp","datePublished":"2012-08-01T19:34:13+00:00","dateModified":"2024-11-06T17:00:18+00:00","breadcrumb":{"@id":"https:\/\/cofionline.org\/publications\/why-isnt-johnny-in-preschool\/#breadcrumb"},"inLanguage":"es","potentialAction":[{"@type":"ReadAction","target":["https:\/\/cofionline.org\/publications\/why-isnt-johnny-in-preschool\/"]}]},{"@type":"ImageObject","inLanguage":"es","@id":"https:\/\/cofionline.org\/publications\/why-isnt-johnny-in-preschool\/#primaryimage","url":"https:\/\/cofionline.org\/wp-content\/uploads\/2022\/11\/WhyIsntJohnny.webp","contentUrl":"https:\/\/cofionline.org\/wp-content\/uploads\/2022\/11\/WhyIsntJohnny.webp","width":750,"height":972,"caption":"A publication cover of a little boy with text that reads: \"Why Isn't Johnny in Preschool? A group of Chicago parents surveyed thousands of families in their communities to find the answers to this questions. Here is our report.\""},{"@type":"BreadcrumbList","@id":"https:\/\/cofionline.org\/publications\/why-isnt-johnny-in-preschool\/#breadcrumb","itemListElement":[{"@type":"ListItem","position":1,"name":"Home","item":"https:\/\/cofionline.org\/"},{"@type":"ListItem","position":2,"name":"Publications","item":"https:\/\/cofionline.org\/es\/publications\/"},{"@type":"ListItem","position":3,"name":"Why Isn&#8217;t Johnny in Preschool?"}]},{"@type":"WebSite","@id":"https:\/\/cofionline.org\/#website","url":"https:\/\/cofionline.org\/","name":"COFI | Organizaci\u00f3n comunitaria y asuntos familiares","description":"Organizaci\u00f3n comunitaria y asuntos familiares","publisher":{"@id":"https:\/\/cofionline.org\/#organization"},"potentialAction":[{"@type":"SearchAction","target":{"@type":"EntryPoint","urlTemplate":"https:\/\/cofionline.org\/?s={search_term_string}"},"query-input":{"@type":"PropertyValueSpecification","valueRequired":true,"valueName":"search_term_string"}}],"inLanguage":"es"},{"@type":"Organization","@id":"https:\/\/cofionline.org\/#organization","name":"COFI | Organizaci\u00f3n comunitaria y asuntos familiares","url":"https:\/\/cofionline.org\/","logo":{"@type":"ImageObject","inLanguage":"es","@id":"https:\/\/cofionline.org\/#\/schema\/logo\/image\/","url":"https:\/\/cofionline.org\/wp-content\/uploads\/2022\/12\/logo-cofi.png","contentUrl":"https:\/\/cofionline.org\/wp-content\/uploads\/2022\/12\/logo-cofi.png","width":518,"height":180,"caption":"COFI | Community Organizing and Family Issues"},"image":{"@id":"https:\/\/cofionline.org\/#\/schema\/logo\/image\/"}}]}},"_links":{"self":[{"href":"https:\/\/cofionline.org\/es\/wp-json\/wp\/v2\/project\/32157","targetHints":{"allow":["GET"]}}],"collection":[{"href":"https:\/\/cofionline.org\/es\/wp-json\/wp\/v2\/project"}],"about":[{"href":"https:\/\/cofionline.org\/es\/wp-json\/wp\/v2\/types\/project"}],"author":[{"embeddable":true,"href":"https:\/\/cofionline.org\/es\/wp-json\/wp\/v2\/users\/14"}],"replies":[{"embeddable":true,"href":"https:\/\/cofionline.org\/es\/wp-json\/wp\/v2\/comments?post=32157"}],"version-history":[{"count":0,"href":"https:\/\/cofionline.org\/es\/wp-json\/wp\/v2\/project\/32157\/revisions"}],"wp:featuredmedia":[{"embeddable":true,"href":"https:\/\/cofionline.org\/es\/wp-json\/wp\/v2\/media\/2507"}],"wp:attachment":[{"href":"https:\/\/cofionline.org\/es\/wp-json\/wp\/v2\/media?parent=32157"}],"wp:term":[{"taxonomy":"project_category","embeddable":true,"href":"https:\/\/cofionline.org\/es\/wp-json\/wp\/v2\/project_category?post=32157"},{"taxonomy":"project_tag","embeddable":true,"href":"https:\/\/cofionline.org\/es\/wp-json\/wp\/v2\/project_tag?post=32157"}],"curies":[{"name":"wp","href":"https:\/\/api.w.org\/{rel}","templated":true}]}}

¿Por qué no está Johnny en preescolar?

<p>Informe innovador sobre por qué la participación en la educación preescolar es baja y qué se puede hacer al respecto.</p>

¿Por qué no está Johnny en preescolar? | COFI

COFI | Organización comunitaria y asuntos familiares

Organización comunitaria y asuntos familiares
